What is the units digit of s?
2
Let r = -112 - -122. Suppose -4*l + 2 = -0*x + x, -2*l + 4*x + r = 0. What is the hundreds digit of 9/(-1*l/(-21))?
1
Let x(l) = -7*l**3 + 4*l**2 - 10*l - 11. Let y(t) = -t**2 + 12*t - 15. Let n be y(11). Let r be x(n). What is the hundreds digit of 1/(-4 + r/135)?
1
Suppose -1440344 = -60*j - 130604. What is the units digit of j?
9
What is the units digit of 9289 + 4 + (-4 - 10/30*-3)?
0
Suppose 16*q = 10*q + 1428. Let b = q - -55. What is the hundreds digit of b?
2
Suppose z + 3*p - 24841 = 0, -3*z = -4*p - 86759 + 12184. What is the hundreds digit of z?
8
Let v(d) = d**2 + 3*d - 6. Let x be v(-5). Suppose 10*f + x*f - 4578 = 0. What is the tens digit of f?
2
Suppose -7 = -2*n - 5, n = 4*q - 11. Let c(z) = -4*z - 5 + 4*z**2 + 2*z - q*z**2. What is the tens digit of c(-8)?
7
Let s(b) = -39*b + 151*b**2 + 78*b - 36*b + 13. What is the hundreds digit of s(-2)?
6
Suppose -490 - 365 = -9*l. Suppose -l*j + 98*j = 303. Suppose 0 = a - 4*a + 9, -2*a = -y + j. What is the hundreds digit of y?
1
Suppose 18*p = 20*p - 17*p + 67635. What is the thousands digit of p?
4
Let r(w) = -w**3 + 2*w**2 - 11*w + 4039. What is the units digit of r(0)?
9
Let t(m) = 6*m**2 + 15*m - 8. Let k = -12 - -5. Let r be t(k). Suppose 185 = 6*a - r. What is the tens digit of a?
6
Let w = 98 - 94. Suppose 0*f - 2*f + 1154 = -w*b, -3*b = -6. What is the tens digit of f?
8
Suppose 900 + 1639 = m - 2*d, -2*d = -5*m + 12663. What is the tens digit of m?
3
Let z(j) = 13*j + 159. Let y(r) = -r - 1. Let w(q) = -4*y(q) - z(q). What is the tens digit of w(-37)?
7
Let i(v) = 5*v**3 - 5*v**2 + 5. Let y(s) = s**3 - s**2 + s. Let u(k) = i(k) - 4*y(k). Let c be u(2). What is the units digit of (c/(-1) - 0)/(14/(-546))?
9
Suppose 8*p - 30 = 34. Suppose -j = -p*j + 1204. Suppose t - j = 2*z, 0*t + 3*t = 3*z + 516. What is the tens digit of t?
7
Let g = -20277 - -41629. What is the tens digit of g?
5
Let f(q) = -1133*q + 111. What is the thousands digit of f(-6)?
6
Suppose 5 = -205*p + 206*p. Suppose 5*h = -q + 2050, -4*q + p*q = h - 410. What is the units digit of h?
0
Let y(x) = -56*x - 46. Let z(s) = 111*s + 93. Let c(k) = 7*y(k) + 3*z(k). What is the hundreds digit of c(-8)?
4
Suppose 11*t = 14*t - 3*l + 63, -3*l - 17 = 2*t. Let i(w) = -w**3 - 18*w**2 - 32*w + 20. What is the units digit of i(t)?
0
Let z(o) = 6*o - 17. Let l be z(5). Suppose l*f - 748 = 9*f. What is the hundreds digit of f?
1
Suppose 5*l = w + w - 366, 183 = w + 3*l. Suppose -8*j = w - 10831. What is the hundreds digit of j?
3
Let v(j) = -j**3 + 6*j**2 + 30*j + 17. Let o be v(10). Let y(f) = -47*f - 2. Let q be y(-2). Let c = q + o. What is the units digit of c?
9
Let c = 1206 + -1309. Let m = -6 - 195. Let j = c - m. What is the tens digit of j?
9
Suppose 25*k - 26 = 38*k. What is the units digit of (-305 - (15/6 + 0))*k?
5
Let n be ((-28)/(-12) - 2)*42. Suppose -5*f + n*f = 18. Suppose 0 = 2*p - 5*g - 172, p - 263 = -f*p + 5*g. What is the units digit of p?
1
Let p(t) = -t**3 - 3*t**2 + 116. Let h(d) = -d**3 + 17*d**2 - 17*d - 28. Let l be h(16). Let v = 44 + l. What is the tens digit of p(v)?
1
Let v = 186 - 16. Suppose -v*r - 1992 = -176*r. What is the hundreds digit of r?
3
Let h = 107166 + -72303. What is the hundreds digit of h?
8
Let w = 6546 - 131. What is the hundreds digit of w?
4
Let a(q) = 39*q - 260. Suppose -3*w + 13 = t - 2*w, 5*w = -3*t + 41. What is the hundreds digit of a(t)?
2
What is the hundreds digit of 57 + -39 + -5 + 2182?
1
Let t be (-6)/(0 + -2 - 60/(-29)). Let b = t + 355. Let i = b + -154. What is the units digit of i?
4
Let o(r) = -r**3 - 3*r**2 + 2*r + 3. Let w be o(-3). Let n(k) = -k**3 + 48*k**2 - 135*k - 93. Let a be n(45). What is the tens digit of w - a/((-4)/(-4))?
9
Suppose 10*r + 6 = 13*r. Suppose -2*o = 3*j - 37, r*o - 81 = -5*j - 14. Suppose j = -6*u + 651. What is the units digit of u?
6
Let r = 3996 - 798. Suppose 0 = -n + 5*i - 223 + 1308, -3*n - 4*i = -r. What is the units digit of n?
0
Let h(c) = -229*c + 4. Let d(x) be the second derivative of x**4/12 + 4*x**3 + 11*x**2 + 33*x. Let q be d(-23). What is the tens digit of h(q)?
3
Suppose 7*j + 12474 = 29*j. Let k = -342 + j. What is the hundreds digit of k?
2
Let s be (-5 + 0)/(6 + -6 + -1). Suppose 2*t - 3*w - 126 = 67, -4*t - s*w = -397. What is the units digit of t?
8
Suppose -2*u + 12512 = -5*q, -3*u - 215*q + 217*q + 18768 = 0. What is the tens digit of u?
5
Let l be 505/(-10)*-2 + -2. Let i = -66 + l. What is the tens digit of 3/(i/959) - 12/66?
8
Let q = -12042 + 28695. What is the hundreds digit of q?
6
Suppose -2*g - 3*g - 3*k = -7746, -5*k = -g + 1510. What is the tens digit of g?
4
Let o(v) = -v**3 - 9*v**2 + 9*v - 5. Let n be o(-10). Let y be 2/n + (-54)/(-15). Suppose c + y*c = 370. What is the units digit of c?
4
Suppose 216 = -3*w + 7*w. Suppose 3*a = 81 + w. What is the tens digit of a?
4
Suppose -123*l + 118*l = -2*q - 47712, 2*q + 12 = 0. What is the thousands digit of l?
9
Let q(j) = -4*j - 24 + 2*j - 4*j. Suppose -11*n + 22*n = -121. What is the units digit of q(n)?
2
Suppose 0 = 4*a - 3*a - 4, 5*i - 43630 = -5*a. What is the thousands digit of i?
8
Let k(o) = 11834*o - 2843. What is the tens digit of k(4)?
9
Let q(l) = 5*l + 20. Let h(b) = 3*b + 29. Let x be h(-11). Let u be q(x). Suppose u*j - 912 = -8*j. What is the tens digit of j?
1
Suppose 4*d - 4 - 40 = -4*q, -3*d = 15. Let k = 167 - q. What is the tens digit of k?
5
Suppose 5*p - 17*a - 99277 = -13*a, -59597 = -3*p - 2*a. What is the hundreds digit of p?
8
What is the thousands digit of 22 - (6 - 7) - -95015?
5
Let u be (-14)/(-10)*(-25)/(-5). Suppose -f + 704 = u*f. Suppose 0*t - 34 = -2*z - 3*t, 4*t + f = 4*z. What is the tens digit of z?
2
Let u(a) = -a**2 - 21*a - 17. Let g be u(-20). Suppose -7*j + 2 = -g*j - b, 4 = 3*j - 2*b. Suppose 7*r - 440 - 463 = j. What is the units digit of r?
9
What is the ten thousands digit of (-96)/(-10) + -10 - ((-417434)/10 - 4)?
4
Let v = -1003 + 3929. What is the units digit of v?
6
Let d be ((-6)/5)/((-33)/110). Let p(b) = b**3 - 2*b**2 - 6*b + 1. Let q be p(d). Let k = q - -8. What is the units digit of k?
7
Suppose 0 = f + 2, -11*v + 15*v - 69858 = 3*f. What is the ten thousands digit of v?
1
Suppose 26*y = -31*y + 246684 + 142170. What is the hundreds digit of y?
8
Suppose 4*k - 3*j = 72306, 4*k + 56*j - 61*j = 72294. What is the units digit of k?
1
Let z = -100 - -290. Suppose 10 = 5*l, 5*l = -c + z - 19. Let b = 231 - c. What is the tens digit of b?
7
What is the tens digit of 4/(-24)*2 - (17 - (-1158800)/(-24))?
6
Suppose -545*z + 548*z - 12123 = 0. What is the thousands digit of z?
4
Suppose 5*x = f + 49289, -36*x = -34*x - 2*f - 19722. What is the units digit of x?
7
Let d(x) = 2*x**2 + x - 6. Let h be d(2). Let p be (-1)/2*h - 114/(-6). Suppose -p*k = -14*k - 495. What is the tens digit of k?
6
Suppose 56*s - 62*s = -3*t + 45642, -76042 = -5*t + 3*s. What is the hundreds digit of t?
2
Let b(f) = -2*f + 25 - 54 + 5*f + 29*f. What is the hundreds digit of b(14)?
4
Let i(r) = r**2 - 11*r + 4. Let t be i(11). Suppose -3*d - 66 = k, 5*k + 425 = -t*d + 73. Let v = 166 + k. What is the units digit of v?
4
Suppose 0 = -15*j - 33*j - 32*j + 760160. What is the units digit of j?
2
Let g(d) = 6*d**2 - 107*d - 183. What is the hundreds digit of g(73)?
9
Let w(h) = 27*h**2 + 17*h - 32. Let g be w(2). Let v = -68 + g. What is the units digit of v?
2
Let f(v) = -240*v**3 - 6*v**2 - 4*v + 2. Let t be f(-1). What is the hundreds digit of ((-678)/8)/((-45)/t)?
4
Let i(m) = m**3 + 41*m**2 - 5. Let l be i(-41). What is the hundreds digit of (1 + 23/l)/(72/(-14940))?
7
Suppose 6*u - 350 - 496 = 0. Suppose 10248 = -u*o + 153*o. What is the tens digit of o?
5
Suppose 4*i = 2*b - 17263 - 5249, 0 = 5*b + i - 56258. What is the ten thousands digit of b?
1
Let b(l) = -l**3 + 5*l**2 - 7*l + 7. Let x be b(3). Suppose -j - 5*q = -x*j + 616, 210 = j + 3*q. Let z = -117 + j. What is the tens digit of z?
9
Suppose 5*m = 9*m - 180. Let o(t) = t**2 - 3*t + 1. Let w be o(4). Suppose 5*y - m = 2*r - w, y + 2*r = -4. What is the units digit of y?
6
Let i(j) be the first derivative of 4*j**3/3 + 3*j + 1. Let k be i(2). What is the tens digit of (24/5 - 4)*k*5?
7
Suppose -8*y - 2 = -6*y, -5*y + 75 = -5*g. W